{"id":756,"date":"2016-07-03T11:37:15","date_gmt":"2016-07-03T09:37:15","guid":{"rendered":"http:\/\/lungentrainer.health-mg.ch\/?post_type=product&#038;p=756"},"modified":"2024-01-04T16:47:40","modified_gmt":"2024-01-04T15:47:40","slug":"buch-also-sprach-arnold-jacobs","status":"publish","type":"product","link":"https:\/\/at.birkenrot-dev.ch\/?product=buch-also-sprach-arnold-jacobs","title":{"rendered":"Buch &#171;Also sprach Arnold Jacobs&#187; dt."},"content":{"rendered":"<p>Arnold Jacobs war ein Ausnahmemusiker und dar\u00fcber hinaus zweifellos der einflussreichste Blechbl\u00e4serp\u00e4dagoge in der zweiten H\u00e4lfte des 20. Jahrhunderts. Zahllose Bl\u00e4ser aus der ganzen Welt pilgerten nach Chicago, um bei diesem Meister Unterricht zu nehmen. Ausserdem gab er weltweit Meisterkurse, die bei Studenten, Lehrern und professionellen Musikern gleichermassen beliebt, ja geradezu legend\u00e4r waren.<\/p>\n<p>Es w\u00e4re unm\u00f6glich, all das schriftlich festzuhalten, was Arnold Jacobs tausenden von Sch\u00fclern in fast 70 Jahren mit auf den Weg gegeben hat. &#171;Also sprach Arnold Jacobs&#187; stellt dennoch einen Versuch dar, die wichtigsten Grundideen seiner P\u00e4dagogik thematisch zusammenzufassen.<\/p>\n<p>Bruce Nelsons Buch ist in sechs Kapitel unterteilt, die sich jeweils mit einem zentralen Aspekt des Blechblasens befassen:<\/p>\n<ul>\n<li>Kapitel I: Grundlegende Entwicklungskonzepte<\/li>\n<li>Kapitel II: Mentale Kontrolle<\/li>\n<li>Kapitel III: Der vibrierende Ansatz<\/li>\n<li>Kapitel IV: Atmung<\/li>\n<li>Kapitel V: Artikulation<\/li>\n<li>Kapitel VI: \u00dcben und Auff\u00fchren<\/li>\n<\/ul>\n<p>&nbsp;<\/p>\n","protected":false},"excerpt":{"rendered":"<p>von Bruce Nelson (Autor), Reinhold Degenhart (Autor)<br \/>\nBroschiert: 96 Seiten<br \/>\nVerlag: Polymnia Press; Auflage: 1 (1. November 2007)<br \/>\nSprache: Deutsch<\/p>\n","protected":false},"featured_media":758,"comment_status":"closed","ping_status":"closed","template":"","meta":[],"product_brand":[],"product_cat":[27],"product_tag":[],"class_list":{"0":"post-756","1":"product","2":"type-product","3":"status-publish","4":"has-post-thumbnail","6":"product_cat-bucher","8":"first","9":"instock","10":"taxable","11":"shipping-taxable","12":"purchasable","13":"product-type-simple"},"_links":{"self":[{"href":"https:\/\/at.birkenrot-dev.ch\/index.php?rest_route=\/wp\/v2\/product\/756","targetHints":{"allow":["GET"]}}],"collection":[{"href":"https:\/\/at.birkenrot-dev.ch\/index.php?rest_route=\/wp\/v2\/product"}],"about":[{"href":"https:\/\/at.birkenrot-dev.ch\/index.php?rest_route=\/wp\/v2\/types\/product"}],"replies":[{"embeddable":true,"href":"https:\/\/at.birkenrot-dev.ch\/index.php?rest_route=%2Fwp%2Fv2%2Fcomments&post=756"}],"wp:featuredmedia":[{"embeddable":true,"href":"https:\/\/at.birkenrot-dev.ch\/index.php?rest_route=\/wp\/v2\/media\/758"}],"wp:attachment":[{"href":"https:\/\/at.birkenrot-dev.ch\/index.php?rest_route=%2Fwp%2Fv2%2Fmedia&parent=756"}],"wp:term":[{"taxonomy":"product_brand","embeddable":true,"href":"https:\/\/at.birkenrot-dev.ch\/index.php?rest_route=%2Fwp%2Fv2%2Fproduct_brand&post=756"},{"taxonomy":"product_cat","embeddable":true,"href":"https:\/\/at.birkenrot-dev.ch\/index.php?rest_route=%2Fwp%2Fv2%2Fproduct_cat&post=756"},{"taxonomy":"product_tag","embeddable":true,"href":"https:\/\/at.birkenrot-dev.ch\/index.php?rest_route=%2Fwp%2Fv2%2Fproduct_tag&post=756"}],"curies":[{"name":"wp","href":"https:\/\/api.w.org\/{rel}","templated":true}]}}

<p>Arnold Jacobs war ein Ausnahmemusiker und darüber hinaus zweifellos der einflussreichste Blechbläserpädagoge in der zweiten Hälfte des 20. Jahrhunderts. Zahllose Bläser aus der ganzen Welt pilgerten nach Chicago, um bei diesem Meister Unterricht zu nehmen. Ausserdem gab er weltweit Meisterkurse, die bei Studenten, Lehrern und professionellen Musikern gleichermassen beliebt, ja geradezu legendär waren.</p>
<p>Es wäre unmöglich, all das schriftlich festzuhalten, was Arnold Jacobs tausenden von Schülern in fast 70 Jahren mit auf den Weg gegeben hat. &#171;Also sprach Arnold Jacobs&#187; stellt dennoch einen Versuch dar, die wichtigsten Grundideen seiner Pädagogik thematisch zusammenzufassen.</p>
<p>Bruce Nelsons Buch ist in sechs Kapitel unterteilt, die sich jeweils mit einem zentralen Aspekt des Blechblasens befassen:</p>
<ul>
<li>Kapitel I: Grundlegende Entwicklungskonzepte</li>
<li>Kapitel II: Mentale Kontrolle</li>
<li>Kapitel III: Der vibrierende Ansatz</li>
<li>Kapitel IV: Atmung</li>
<li>Kapitel V: Artikulation</li>
<li>Kapitel VI: Üben und Aufführen</li>
</ul>
<p>&nbsp;</p>
